{"id":29972,"date":"2025-11-14T21:03:21","date_gmt":"2025-11-14T20:03:21","guid":{"rendered":"https:\/\/arenero.hotsalesreview.com\/?post_type=product&#038;p=29972"},"modified":"2025-11-18T13:10:25","modified_gmt":"2025-11-18T12:10:25","slug":"nobleza-litterbot-arenero-autolimpiable-inteligente-para-gatos-con-app-80l","status":"publish","type":"product","link":"https:\/\/arenero.hotsalesreview.com\/?product=nobleza-litterbot-arenero-autolimpiable-inteligente-para-gatos-con-app-80l","title":{"rendered":"Nobleza LitterBot &#8211; Arenero Autolimpiable Inteligente para Gatos con App, 80L"},"content":{"rendered":"<p><strong>WC GATOS CON CONTROL DE APLICACI\u00d3N.<\/strong> La caja arena gato autolimpiante est\u00e1 conectada con Wi-Fi de 2,4 GHz. Puede controlar el peso y la actividad de su gato en tiempo real. Al operar con su tel\u00e9fono m\u00f3vil, puede lograr una serie de funciones como limpiar la arena para gatos y purificar el aire.<\/p>\n<p><strong>ARENERO GATO GRANDE.<\/strong> El arenero para gatos extra grande con una capacidad de 80L ofrece amplio espacio para gatos de m\u00e1s de 1kg. Puede identificar hasta 20 gatos diferentes, y su contenedor de recolecci\u00f3n de heces de 14L garantiza un uso continuo de 15 d\u00edas, ideal para hogares con varios gatos y viajeros frecuentes.<\/p>\n<p><strong>LIMPIEZA INTELIGENTE CON 3 MODOS.<\/strong> El arenero autolimpiante cuenta con tres modos: limpieza inmediata, programada y un modo especial para heces blandas, ajustables seg\u00fan tus necesidades. Adem\u00e1s, tiene una funci\u00f3n de aplanado de arena y reemplazo de basura con un solo toque, proporcionando una experiencia totalmente manos libres. Los sensores inteligentes registran la frecuencia y duraci\u00f3n de las visitas de tu gato, permiti\u00e9ndote monitorear su salud f\u00e1cilmente en todo momento.<\/p>\n<p><strong>MODO NO MOLESTAR.<\/strong> Cuando el dispositivo se coloca en el dormitorio, puedes configurar en la aplicaci\u00f3n un horario en el que el dispositivo dejar\u00e1 de funcionar para evitar que se active durante la noche. Adem\u00e1s, el nivel de ruido del dispositivo es \u226435dB, por lo que incluso si no activas el modo no molestar, podr\u00e1s disfrutar de noches tranquilas.<\/p>\n<p><strong>ALFOMBRILLA ANTI-ADHERENTE Y RESISTENTE A ARA\u00d1AZOS.<\/strong> Nuestro arenero autolimpiante incluye una alfombrilla de alto rendimiento que evita que las heces blandas se adhieran al arenero. Fabricada en tejido Oxford de nylon, esta alfombrilla soporta ara\u00f1azos, previene que la arena se adhiera y evita la filtraci\u00f3n de orina, garantizando una limpieza m\u00e1s f\u00e1cil y duradera.<\/p>\n","protected":false},"excerpt":{"rendered":"<p>Arenero Autolimpiable Inteligente para Gatos con App, 80L Capacidad, Ideal para Varios Gatos, Incluye 2 Rollos de Bolsas de Basura, Inodoro Autom\u00e1tico para Mascotas.<br \/>\nWB\/Smart cat litter box\/L57.1*W53.1*H58.4cm\/White\/VDE\/SL01<\/p>\n","protected":false},"featured_media":30167,"comment_status":"closed","ping_status":"closed","template":"","meta":[],"product_cat":[84],"product_tag":[],"class_list":{"0":"post-29972","1":"product","2":"type-product","3":"status-publish","4":"has-post-thumbnail","6":"product_cat-areneros","8":"first","9":"instock","10":"sale","11":"featured","12":"sold-individually","13":"shipping-taxable","14":"product-type-external"},"_links":{"self":[{"href":"https:\/\/arenero.hotsalesreview.com\/index.php?rest_route=\/wp\/v2\/product\/29972","targetHints":{"allow":["GET"]}}],"collection":[{"href":"https:\/\/arenero.hotsalesreview.com\/index.php?rest_route=\/wp\/v2\/product"}],"about":[{"href":"https:\/\/arenero.hotsalesreview.com\/index.php?rest_route=\/wp\/v2\/types\/product"}],"replies":[{"embeddable":true,"href":"https:\/\/arenero.hotsalesreview.com\/index.php?rest_route=%2Fwp%2Fv2%2Fcomments&post=29972"}],"wp:featuredmedia":[{"embeddable":true,"href":"https:\/\/arenero.hotsalesreview.com\/index.php?rest_route=\/wp\/v2\/media\/30167"}],"wp:attachment":[{"href":"https:\/\/arenero.hotsalesreview.com\/index.php?rest_route=%2Fwp%2Fv2%2Fmedia&parent=29972"}],"wp:term":[{"taxonomy":"product_cat","embeddable":true,"href":"https:\/\/arenero.hotsalesreview.com\/index.php?rest_route=%2Fwp%2Fv2%2Fproduct_cat&post=29972"},{"taxonomy":"product_tag","embeddable":true,"href":"https:\/\/arenero.hotsalesreview.com\/index.php?rest_route=%2Fwp%2Fv2%2Fproduct_tag&post=29972"}],"curies":[{"name":"wp","href":"https:\/\/api.w.org\/{rel}","templated":true}]}}